ed by 3413?
338
What is the remainder when 281055 is divided by 8?
7
Calculate the remainder when 42702 is divided by 21296.
110
Calculate the remainder when 16903 is divided by 1515.
238
What is the remainder when 36838 is divided by 23?
15
What is the remainder when 685173 is divided by 763?
762
What is the remainder when 54871 is divided by 7833?
40
Calculate the remainder when 21017 is divided by 32.
25
What is the remainder when 14018 is divided by 92?
34
What is the remainder when 54178 is divided by 387?
385
Calculate the remainder when 24868 is divided by 414.
28
Calculate the remainder when 5152 is divided by 1210.
312
What is the remainder when 61183 is divided by 20304?
271
What is the remainder when 6265 is divided by 754?
233
Calculate the remainder when 285798 is divided by 10.
8
Calculate the remainder when 3028 is divided by 1465.
98
What is the remainder when 1884 is divided by 892?
100
Calculate the remainder when 1752 is divided by 826.
100
Calculate the remainder when 60667 is divided by 459.
79
Calculate the remainder when 6241 is divided by 1934.
439
Calculate the remainder when 1252517 is divided by 19.
18
What is the remainder when 349 is divided by 43?
5
What is the remainder when 69060 is divided by 5755?
0
Calculate the remainder when 13372 is divided by 6669.
34
Calculate the remainder when 49281 is divided by 243.
195
Calculate the remainder when 199008 is divided by 198989.
19
Calculate the remainder when 18447 is divided by 18445.
2
Calculate the remainder when 8102 is divided by 3976.
150
Calculate the remainder when 37460 is divided by 5332.
136
Calculate the remainder when 1632536 is divided by 15.
11
Calculate the remainder when 4624 is divided by 463.
457
Calculate the remainder when 16063 is divided by 29.
26
What is the remainder when 1003 is divided by 297?
112
What is the remainder when 2051 is divided by 1999?
52
What is the remainder when 104509 is divided by 85?
44
Calculate the remainder when 8573 is divided by 809.
483
Calculate the remainder when 1456 is divided by 46.
30
Calculate the remainder when 538 is divided by 83.
40
What is the remainder when 6075172 is divided by 46?
44
What is the remainder when 70630 is divided by 9?
7
What is the remainder when 502691 is divided by 22848?
35
What is the remainder when 168169 is divided by 56056?
1
What is the remainder when 3449 is divided by 215?
9
Calculate the remainder when 35922 is divided by 45.
12
What is the remainder when 409 is divided by 268?
141
Calculate the remainder when 109204 is divided by 114.
106
Calculate the remainder when 1013 is divided by 875.
138
What is the remainder when 132653 is divided by 132636?
17
Calculate the remainder when 4590 is divided by 230.
220
Calculate the remainder when 7186 is divided by 557.
502
Calculate the remainder when 34214 is divided by 622.
4
What is the remainder when 13910 is divided by 374?
72
Calculate the remainder when 11873 is divided by 676.
381
What is the remainder when 1890 is divided by 86?
84
Calculate the remainder when 45065 is divided by 886.
765
Calculate the remainder when 3917 is divided by 1940.
37
What is the remainder when 34621 is divided by 32?
29
Calculate the remainder when 7886 is divided by 190.
96
Calculate the remainder when 7664 is divided by 272.
48
Calculate the remainder when 582588 is divided by 291290.
8
What is the remainder when 735 is divided by 691?
44
Calculate the remainder when 155314 is divided by 602.
600
Calculate the remainder when 1834713 is divided by 3253.
21
Calculate the remainder when 4453 is divided by 178.
3
What is the remainder when 58756 is divided by 136?
4
Calculate the remainder when 1521 is divided by 314.
265
Calculate the remainder when 466938 is divided by 491.
488
What is the remainder when 3629 is divided by 1204?
17
What is the remainder when 4685 is divided by 302?
155
What is the remainder when 330503 is divided by 18?
5
Calculate the remainder when 772 is divided by 350.
72
What is the remainder when 3984 is divided by 6?
0
What is the remainder when 1955 is divided by 299?
161
What is the remainder when 207934 is divided by 1118?
1104
What is the remainder when 22204 is divided by 426?
52
Calculate the remainder when 24934 is divided by 654.
82
Calculate the remainder when 1437408 is divided by 718700.
8
Calculate the remainder when 46676 is divided by 26.
6
Calculate the remainder when 272423 is divided by 31.
26
What is the remainder when 1961861 is divided by 490464?
5
Calculate the remainder when 9881 is divided by 1218.
137
What is the remainder when 99630 is divided by 17?
10
Calculate the remainder when 3654805 is divided by 922.
919
What is the remainder when 142362 is divided by 753?
45
What is the remainder when 11153 is divided by 124?
117
What is the remainder when 2176 is divided by 2154?
22
Calculate the remainder when 4061 is divided by 310.
31
What is the remainder when 26726 is divided by 402?
194
Calculate the remainder when 2620 is divided by 338.
254
What is the remainder when 1857 is divided by 402?
249
Calculate the remainder when 145993 is divided by 76.
73
Calculate the remainder when 746 is divided by 37.
6
What is the remainder when 130191 is divided by 420?
411
What is the remainder when 235384 is divided by 18?
16
What is the remainder when 66672 is divided by 7?
4
What is the remainder when 12756 is divided by 12729?
27
Calculate the remainder when 1572 is divided by 249.
78
What is the remainder when 6014 is divided by 301?
295
Calculate the remainder when 30474 is divided by 1169.
80
What is the remainder when 49762 is divided by 52?
50
What is the remainder when 18270 is divided by 8943?
384
What is the remainder when 23345 is divided by 145?
0
What is the remainder when 1177 is divided by 146?
9
Calculate the remainder when 74855 is divided by 4399.
72
What is the remainder when 466530 is divided by 116630?
10
Calculate the remainder when 400331 is divided by 400312.
19
What is the remainder when 49735 is divided by 12?
7
Calculate the remainder when 458246 is divided by 668.
666
What is the remainder when 250554 is divided by 861?
3
What is the remainder when 50788 is divided by 384?
100
Calculate the remainder when 13555 is divided by 140.
115
What is the remainder when 87945 is divided by 862?
21
Calculate the remainder when 3952 is divided by 23.
19
Calculate the remainder when 9807 is divided by 175.
7
Calculate the remainder when 96915 is divided by 68.
15
Calculate the remainder when 8106 is divided by 271.
247
Calculate the remainder when 43148 is divided by 414.
92
Calculate the remainder when 6509554 is divided by 215.
214
What is the remainder when 63874 is divided by 73?
72
Calculate the remainder when 209973 is divided by 11.
5
Calculate the remainder when 26593 is divided by 2039.
86
What is the remainder when 115166 is divided by 12?
2
Calculate the remainder when 11839 is divided by 74.
73
Calculate the remainder when 17488 is divided by 5828.
4
What is the remainder when 27442 is divided by 41?
13
Calculate the remainder when 31087 is divided by 1.
0
What is the remainder when 44410 is divided by 11098?
18
What is the remainder when 35388 is divided by 11783?
39
Calculate the remainder when 674099 is divided by 126.
125
Calculate the remainder when 2010739 is divided by 108.
103
Calculate the remainder when 415009 is divided by 262.
1
Calculate the remainder when 187821 is divided by 126.
81
What is the remainder when 3772 is divided by 26?
2
Calculate the remainder when 114825 is divided by 577.
2
What is the remainder when 83229 is divided by 34?
31
What is the remainder when 101190 is divided by 146?
12
Calculate the remainder when 2363 is divided by 167.
25
Calculate the remainder when 13531 is divided by 482.
35
Calculate the remainder when 417149 is divided by 206.
205
Calculate the remainder when 33448 is divided by 8352.
40
What is the remainder when 335752 is divided by 294?
4
What is the remainder when 13618 is divided by 1130?
58
Calculate the remainder when 53695 is divided by 137.
128
What is the remainder when 9290 is divided by 3087?
29
Calculate the remainder when 2416 is divided by 174.
154
What is the remainder when 6643 is divided by 1324?
23
What is the r